 + 2249. Suppose 2*q = 4*u + y, 5*q - 2*u = -4*u + 7365. Is q composite?
False
Suppose -267 = -10*p + 113. Let d = -28 + p. Let k(u) = 2*u**2 + 19*u - 11. Is k(d) a prime number?
True
Suppose -993 = 11*b - 8407. Let q = 120 + b. Suppose -3*a + q = -a - 4*d, -3*a + 1190 = -5*d. Is a prime?
False
Suppose 7*w - 11014 = 8495. Let z = w + 808. Is z composite?
True
Suppose 4333 = 384*p - 391*p. Let n = 3288 - p. Is n a prime number?
True
Let n = -2254 - 1528. Let r = n + 12325. Is r prime?
True
Let o(f) be the second derivative of -125*f**3/3 + 5*f**2/2 + 18*f. Let h be o(-5). Let a = 1878 - h. Is a a prime number?
False
Suppose 0 = -23*k + 633299 + 545658. Is k a prime number?
False
Suppose -22*q + 3*f = -25*q + 247962, 2*q - 165287 = 5*f. Is q composite?
False
Let l be 1/(1 - 28/32). Let v = l + -2. Is (-8)/v*(-46422)/24 prime?
True
Let a(i) = 8*i**2 - 41*i + 63. Let k be a(19). Let p(n) = 2*n**3 + 17*n**2 - 16*n + 18. Let m be p(-13). Let w = k + m. Is w a composite number?
False
Suppose 23*l = 19*l + 24. Suppose 0 = 11*i - 5 - l. Is (4 - 1) + -2 + 4 + i a prime number?
False
Let r(z) = 5*z**2 + 7*z + 3. Let w(f) = f**2 - f - 1. Let s(p) = -r(p) + 4*w(p). Let k be s(-10). Suppose -k*d + 2922 + 105 = 0. Is d prime?
True
Suppose 0 = 3*y - 3*a - 125305 - 21392, 48867 = y - 5*a. Is y composite?
False
Let i = 7797 + 3230. Is i a composite number?
False
Let p(d) = 95*d - 48*d + 1 - 108*d + 152*d**2. Is p(-6) prime?
True
Let t = -15978 + 27841. Is t a composite number?
False
Let g(n) = 1671*n**2 + 33*n - 169. Is g(6) prime?
False
Let v(m) = m**3 + 4*m**2 - 10*m - 17. Let i be v(-5). Suppose -i*x + 24 = -2*x. Is 2/x + 891/6 prime?
True
Let y be ((-12)/(-14))/((-1)/7). Let u be (16/12)/(-4) + (-3578)/y. Suppose 14580 = 5*n + 5*h, 3*h + u = 2*n - 5261. Is n a prime number?
False
Let c(f) = f**2 - 28*f + 4. Let k be c(28). Is (591/6)/(1/k) a composite number?
True
Let k(p) = 4*p**3 + p. Let u be k(-1). Let c be (-93)/(-12) - (5/4)/u. Is -2*((-2)/1)/c*358 composite?
False
Let x = 19 + -15. Suppose -z - z = x. Let n(m) = -70*m**3 - 2*m**2 + 1. Is n(z) a prime number?
False
Suppose -2*u - 3*z + 32 = -33, 2*z - 100 = -3*u. Suppose 0 = -4*c - d - 0*d - u, 5*c = d - 47. Is (2946/c)/(((-8)/(-3))/(-4)) prime?
True
Let w(z) = 3*z**2 - z - 8. Let r be w(-3). Suppose 0 = -23*i + r*i + 4577. Is i prime?
False
Let w be 2/2*-7 + (-60)/15. Let s(b) = 28*b**2 - 29*b. Is s(w) composite?
True
Suppose -41 = -8*g - 17. Let s(x) = 1484*x**2 + 2*x - 10. Let b be s(g). Suppose -15*y + 253 + b = 0. Is y a prime number?
True
Let i = -115170 - -219017. Is i prime?
False
Suppose -4*l - 5*d + 1822522 = 0, 405*d + 455641 = l + 408*d. Is l a prime number?
False
Let k be 219 + (3 - 0 - 9). Suppose x - 2104 - k = 0. Is x composite?
True
Let q(w) = w**3 - 2*w**2 - 8*w - 2. Let k be q(4). Is ((-2)/4)/(k/14428) prime?
True
Let u = -6 - -10. Suppose -3*b + 1 - u = 0. Is -1315*-4*b/(-10) a prime number?
False
Let i = 203382 - 120818. Suppose -14*o + 53698 + i = 0. Is o a prime number?
True
Let o(u) = -2*u**3 + 23*u**2 + 11*u + 17. Let r(m) = -4*m**2 - 23*m - 3. Let g be r(-6). Is o(g) a composite number?
True
Suppose 0 = 10*o - 15*o + 27910. Suppose 2*w + 1612 = o. Is w prime?
False
Suppose 0*y + 4*y = 3*d + 84, 0 = 5*d - 5*y + 145. Is (11/(-4))/(d/2432) a prime number?
False
Suppose 77*j = 79*j. Suppose j*a - 1944 = -4*a - b, -a + 491 = -b. Is a prime?
True
Let q(h) = 16839*h**2 - 79*h + 59. Is q(4) composite?
False
Let x be 1372/(-20) + 1/((-5)/2). Let i = 79 + x. Is 8692/i - (-11)/(-55) a prime number?
False
Let o(u) = -5*u - 15. Suppose -2*n - 26 = w + 3*n, -5*w = 5*n + 50. Let t be o(w). Suppose -4*i = -3*r + 4546, 4*i - t = i. Is r composite?
True
Let x(f) = -5*f**3 + 12*f**2 + 11*f - 1. Let v(q) = -41*q + 17*q + 11*q**2 - 6*q**3 + 34*q. Let c(w) = 4*v(w) - 5*x(w). Is c(24) prime?
True
Let a(q) = 413*q**2 - 4*q + 17. Suppose 7 - 139 = -11*x. Is a(x) a composite number?
False
Let k(j) = 86*j + 169. Let x(g) = 65 - 44 + 92 + 57*g. Let q(c) = 5*k(c) - 8*x(c). Is q(-18) prime?
True
Let i = -183281 + 367216. Is i composite?
True
Let w(m) = -3*m**3 - 26*m**2 - 10*m + 2. Suppose -15*i - 7 = -16*i. Suppose 13 = -2*j - i. Is w(j) prime?
False
Let f(c) = -146*c**3 - 12*c**2 - 8*c + 2. Let y be f(-8). Suppose -5*b = -g - 74068, 9*b - 4*b = -5*g + y. Is b prime?
True
Let x(v) = 515*v**3 - 10*v**2 - 5*v + 47. Is x(4) composite?
True
Let n(v) = -v**2 - 2*v. Let w be n(0). Suppose w = -266*h + 263*h + 22047. Is h prime?
True
Suppose 23*z - 28*z = -1850. Suppose 0 = h - l - 3213, h + 3*l + z = 3599. Is h prime?
True
Let q = 1345 - 864. Suppose n - q = -k, -12*k = n - 8*k - 469. Is n a composite number?
True
Let q be ((-21)/35)/((-10)/400). Suppose -36147 = q*w - 27*w. Is w a prime number?
True
Let r(l) = -l**3 - 2*l**2 + 17*l - 16. Let a be r(-7). Let q = -108 + a. Is (2 - q) + (-4980)/(-12) a prime number?
False
Let t(g) = -g**3 + g**2 + 3*g. Let r be t(2). Suppose 3*l - 5*c = 10095, 2*c = 2*l - r*c - 6730. Is l composite?
True
Let w(i) = i + 4. Let g be w(-10). Let a(m) = -794*m - 35. Is a(g) prime?
True
Suppose 17*d = 13*d + 9072. Suppose -2*w = 4*y - 36232, 0 = 10*w - 5*w. Suppose 10*a = y - d. Is a prime?
False
Let m(n) = -5*n + 6. Let z be m(2). Let y be 10/(-4)*-6*z/(-15). Suppose -2144 = -y*q + 2076. Is q prime?
False
Let v be -1 - (-4 - -3)*1744. Let m = -127 - -15. Let y = v + m. Is y a composite number?
True
Suppose 44*i = 47*i + 4*u - 573571, u = -4*i + 764757. Is i composite?
False
Let v(j) = 9*j + 10. Let g be v(2). Suppose -5*r = o + 6 - g, -5*r = -4*o - 12. Suppose x = -2*q + 1339, -3 = -5*q + o. Is x a prime number?
False
Is -1*((-23 - -10) + -108484) prime?
True
Let t(d) = -19*d - 16. Let q be t(-9). Let c = 490 - q. Is c a composite number?
True
Let f(u) = -u + 1. Let y(i) = -i - 2. Let q(k) = 3*f(k) + 2*y(k). Let s be q(-10). Suppose -45*m - 5444 = -s*m. Is m prime?
True
Let w be (-7)/14*-32*(-6)/(-3). Suppose -24*q - 1688 = -w*q. Is q composite?
False
Let o(u) = 652*u**2 + 82*u + 103. Is o(-9) a composite number?
False
Let z(o) = -4*o**3 - 4*o**2 - 5*o + 15. Suppose -3*l - 4*f = -3*f - 43, -4*l + 58 = f. Let r = l - 23. Is z(r) a composite number?
False
Let w = 22692 + 11539. Is w prime?
True
Suppose -8 = -4*p - 0*p. Suppose 0 = -2*j - x + p + 6, x + 2 = 3*j. Is ((1068/(-8) - -3) + j)*-14 composite?
True
Suppose -7*z + 825 = -2*z. Let b = z - 114. Is b composite?
True
Let s(v) = -26670*v - 143. Is s(-5) a prime number?
False
Suppose 0*b = 3*k + b - 11, 8 = k - 4*b. Suppose 0*r = -k*r + 6908. Is r composite?
True
Suppose -377651 = -3*w - 5*d + 25660, -2*w + 2*d + 268874 = 0. Is w composite?
False
Let f be 31/(-7) - -4 - 228/(-42). Suppose -p - y = -1085, 0*p = -p + f*y + 1067. Is p a prime number?
False
Let i be (-8)/(-10) + ((-40197)/15 - 3). Let h = 1358 - i. Suppose -7*o + h = o. Is o prime?
False
Let n(v) = 1355*v - 1228. Is n(25) prime?
True
Let b(i) = -6*i**3 - 27*i**2 + 5*i + 1524. Let h(k) = k**3 + 5*k**2 - k - 305. Let z(w) = -2*b(w) - 11*h(w). Is z(0) composite?
False
Let w be 650*(2/(-11) + 60/88). Suppose -w + 40 = -5*f. Is f a composite number?
True
Let o be 17*2/(-4)*38/(-19). Suppose -o*l + 78884 + 31973 = 0. Is l composite?
False
Let a = 11299 + 13708. Is a prime?
False
Let l(w) = 72*w**2 + 12*w - 3. Let i be (252/56)/((-2)/4). Is l(i) a composite number?
True
Let d = -485 - -503. Suppose 32387 = 4*b - 5*o, 23*b + 3*o = d*b + 40456. Is b a prime number?
True
Let l = -573 - -587. Suppose 9*t - l*t = -190055. Is t composite?
False
Let c = -19912 + 60803. Is c composite?
True
Let g(q) = -3*q**3 - 21*q**2 - 28*q - 17. Let x(i) = -i - 20. Let s be x(-10). Is g(s) prime?
True
Let q(l) = 3198*l**3 + l - 2. Let d be q(1). Suppose 2*i + 10 = 0, s + d - 9313 = -3*i. Is s composite?
False
Suppose 219070 - 63776 = 2*q + 5*r, -2*q - 2*r + 155288 = 0. Is q a composite number?
True
Suppose -5*j = -k - 12832, 4*k - 5*j = -315 - 50998. Is -1 - 4/(-12)*3 - k composite?
True
Let z be -1 - ((-81)/1 - 3). Let c = z + 101. Suppose -4*b + 100 = -c. Is b a prime number?
True
Suppose -z + 6105 + 3002 = 0. Suppose -11*m = -z - 48940. Is m a composite number?
True
Suppose 2*o = 118934 - 25518. Let s = -31745 + o. Is s prime?
False
Let o = 135787 + -82658. Is o prime?
True
Suppose 0 = b + l